er when 1339194 is divided by 95655?
24
What is the remainder when 19577998 is divided by 130?
128
Calculate the remainder when 50551369 is divided by 177.
169
Calculate the remainder when 1672507 is divided by 1735.
1702
What is the remainder when 477425387 is divided by 10091?
10086
What is the remainder when 214181 is divided by 42766?
351
What is the remainder when 11515783 is divided by 14840?
14783
Calculate the remainder when 229944413 is divided by 280.
13
Calculate the remainder when 87412766 is divided by 1607.
1
Calculate the remainder when 96497769 is divided by 40.
9
Calculate the remainder when 288539 is divided by 36020.
379
Calculate the remainder when 7178665 is divided by 3266.
3263
Calculate the remainder when 5604710 is divided by 1120939.
15
Calculate the remainder when 13089469 is divided by 131.
80
What is the remainder when 164627558 is divided by 920?
918
Calculate the remainder when 157475567 is divided by 664.
663
What is the remainder when 321584 is divided by 4215?
1244
What is the remainder when 489354 is divided by 330?
294
What is the remainder when 132692 is divided by 464?
452
What is the remainder when 5063 is divided by 1555?
398
Calculate the remainder when 8334026 is divided by 247.
246
What is the remainder when 30456 is divided by 1072?
440
Calculate the remainder when 32775421 is divided by 704.
701
Calculate the remainder when 1026370 is divided by 119.
114
Calculate the remainder when 227416653 is divided by 75805550.
3
What is the remainder when 102087 is divided by 33938?
273
Calculate the remainder when 8304 is divided by 8043.
261
What is the remainder when 229304 is divided by 697?
688
Calculate the remainder when 171381319 is divided by 2630.
2629
What is the remainder when 41932 is divided by 86?
50
What is the remainder when 77238 is divided by 3058?
788
What is the remainder when 49926980 is divided by 1834?
1832
Calculate the remainder when 1354519 is divided by 162.
37
What is the remainder when 6493269 is divided by 6493213?
56
What is the remainder when 3851 is divided by 896?
267
What is the remainder when 289960537 is divided by 409?
396
Calculate the remainder when 81315 is divided by 433.
344
Calculate the remainder when 24222 is divided by 968.
22
Calculate the remainder when 2572931 is divided by 2572922.
9
What is the remainder when 3799309 is divided by 316609?
1
What is the remainder when 4538412 is divided by 304?
300
What is the remainder when 56114 is divided by 27992?
130
Calculate the remainder when 126038 is divided by 1949.
1302
Calculate the remainder when 355584 is divided by 25397.
26
Calculate the remainder when 5491156 is divided by 1887.
1873
What is the remainder when 113967375 is divided by 589?
587
Calculate the remainder when 883850 is divided by 176758.
60
What is the remainder when 11418 is divided by 1202?
600
What is the remainder when 33883522 is divided by 83663?
7
What is the remainder when 637945 is divided by 113?
60
Calculate the remainder when 106350 is divided by 8420.
5310
What is the remainder when 91983676 is divided by 686?
680
What is the remainder when 1109407 is divided by 138673?
23
Calculate the remainder when 4370053 is divided by 1456503.
544
What is the remainder when 17718292 is divided by 817?
13
What is the remainder when 24220 is divided by 11731?
758
What is the remainder when 362025 is divided by 97?
21
Calculate the remainder when 759349 is divided by 189573.
1057
What is the remainder when 2895671 is divided by 289526?
411
What is the remainder when 5276518 is divided by 211?
41
Calculate the remainder when 340991 is divided by 782.
39
What is the remainder when 8203592 is divided by 264632?
0
Calculate the remainder when 302574095 is divided by 2706.
2705
Calculate the remainder when 21269126 is divided by 399.
32
Calculate the remainder when 7704108 is divided by 1308.
1296
What is the remainder when 43957503 is divided by 1856?
1855
What is the remainder when 280783 is divided by 70170?
103
Calculate the remainder when 7882833 is divided by 2197.
2194
Calculate the remainder when 2865513 is divided by 8.
1
Calculate the remainder when 5421634 is divided by 3532.
14
What is the remainder when 6473162 is divided by 294234?
14
What is the remainder when 7903432 is divided by 77?
75
Calculate the remainder when 1266627684 is divided by 17.
14
Calculate the remainder when 10567247 is divided by 116.
111
Calculate the remainder when 1117331 is divided by 3427.
129
What is the remainder when 262637086 is divided by 594?
580
Calculate the remainder when 11124478 is divided by 799.
1
Calculate the remainder when 3214401 is divided by 332.
309
Calculate the remainder when 80987 is divided by 1400.
1187
What is the remainder when 119161 is divided by 17?
8
What is the remainder when 170851 is divided by 18974?
85
What is the remainder when 20058 is divided by 1639?
390
Calculate the remainder when 2422070 is divided by 115325.
245
What is the remainder when 55056556 is divided by 151?
144
What is the remainder when 5083420 is divided by 1270852?
12
What is the remainder when 909080 is divided by 181806?
50
Calculate the remainder when 158585407 is divided by 8682.
8677
Calculate the remainder when 325444 is divided by 65088.
4
Calculate the remainder when 54990 is divided by 32.
14
Calculate the remainder when 5319293 is divided by 83.
72
What is the remainder when 88447 is divided by 207?
58
What is the remainder when 937541439 is divided by 9130?
9129
What is the remainder when 10827096 is divided by 49?
7
What is the remainder when 101958728 is divided by 79222?
14
Calculate the remainder when 1368215 is divided by 5451.
14
Calculate the remainder when 2137812 is divided by 2137810.
2
What is the remainder when 42047 is divided by 89?
39
What is the remainder when 81720840 is divided by 24?
0
What is the remainder when 3919962 is divided by 391995?
12
Calculate the remainder when 203594 is divided by 178.
140
What is the remainder when 1484505 is divided by 212061?
78
What is the remainder when 8557031 is divided by 6?
5
What is the remainder when 9964 is divided by 609?
220
What is the remainder when 16451 is divided by 8943?
7508
Calculate the remainder when 221960 is divided by 307.
306
Calculate the remainder when 156100 is divided by 190.
110
What is the remainder when 53514471 is divided by 8074?
8073
Calculate the remainder when 157941937 is divided by 755703.
10
What is the remainder when 55637 is divided by 1320?
197
Calculate the remainder when 184008 is divided by 69.
54
Calculate the remainder when 1601646 is divided by 26694.
6
Calculate the remainder when 3177993 is divided by 51257.
59
What is the remainder when 1842435 is divided by 768?
3
Calculate the remainder when 4939450 is divided by 370.
320
Calculate the remainder when 2677937 is divided by 1343.
1338
Calculate the remainder when 220727 is divided by 798.
479
Calculate the remainder when 292890 is divided by 146425.
40
Calculate the remainder when 11976199 is divided by 32.
7
Calculate the remainder when 174833 is divided by 235.
228
Calculate the remainder when 11141316 is divided by 342.
324
What is the remainder when 18443750 is divided by 425?
25
Calculate the remainder when 2154855 is divided by 430969.
10
What is the remainder when 711498 is divided by 1647?
1641
Calculate the remainder when 570596 is divided by 12.
8
What is the remainder when 15175 is divided by 970?
625
What is the remainder when 1976832 is divided by 3891?
204
What is the remainder when 19241643 is divided by 14190?
3
What is the remainder when 1208281 is divided by 4358?
1115
Calculate the remainder when 70507 is divided by 245.
192
What is the remainder when 266370 is divided by 20486?
52
Calculate the remainder when 4424883 is divided by 884974.
13
What is the remainder when 3745455 is divided by 765?
15
What is the remainder when 277798 is divided by 55533?
133
Calculate the remainder when 310162 is divided by 6202.
62
What is the remainder when 947702 is divided by 361?
77
What is the remainder when 341292 is divided by 169815?
1662
What is the remainder when 1584220 is divided by 2361?
2350
Calculate the remainder when 940197 is divided by 97.
73
Calculate the remainder when 